of 7641 and 27?
27
Calculate the highest common factor of 2700 and 650.
50
Calculate the highest common factor of 273 and 1659.
21
What is the highest common factor of 357 and 1309?
119
What is the highest common factor of 1275 and 6120?
255
What is the highest common divisor of 243 and 162?
81
What is the highest common factor of 99 and 23859?
99
Calculate the highest common divisor of 92 and 1058.
46
Calculate the greatest common divisor of 9 and 63.
9
Calculate the greatest common factor of 39 and 3211.
13
Calculate the highest common factor of 150 and 18.
6
What is the greatest common factor of 148 and 8?
4
Calculate the greatest common factor of 56 and 140.
28
Calculate the highest common factor of 7 and 2051.
7
What is the highest common factor of 3278 and 88?
22
Calculate the highest common divisor of 1575 and 1800.
225
What is the greatest common divisor of 15 and 685?
5
Calculate the highest common divisor of 107 and 1284.
107
Calculate the greatest common divisor of 170 and 1513.
17
Calculate the highest common divisor of 27702 and 405.
81
Calculate the greatest common divisor of 207 and 27.
9
What is the highest common divisor of 104 and 7228?
52
Calculate the highest common divisor of 170 and 2635.
85
Calculate the greatest common factor of 58 and 783.
29
Calculate the greatest common divisor of 539 and 11.
11
What is the greatest common factor of 220 and 20?
20
What is the highest common divisor of 2002 and 770?
154
Calculate the greatest common divisor of 559 and 26.
13
Calculate the greatest common factor of 56 and 44.
4
What is the greatest common factor of 170 and 2448?
34
Calculate the greatest common divisor of 2920 and 110.
10
Calculate the greatest common factor of 511 and 7.
7
What is the highest common factor of 4 and 252?
4
What is the highest common divisor of 2033 and 665?
19
What is the highest common divisor of 52063 and 11?
11
What is the greatest common factor of 1955 and 25?
5
What is the highest common divisor of 2497 and 352?
11
What is the greatest common factor of 551 and 232?
29
What is the greatest common divisor of 19 and 589?
19
Calculate the highest common divisor of 4 and 100.
4
What is the highest common divisor of 216 and 27?
27
What is the greatest common divisor of 1073 and 74?
37
What is the highest common divisor of 476 and 357?
119
What is the highest common divisor of 2560 and 280?
40
What is the greatest common factor of 24 and 22584?
24
Calculate the greatest common factor of 5070 and 45.
15
What is the highest common factor of 2124 and 72?
36
Calculate the greatest common factor of 39 and 195.
39
Calculate the greatest common divisor of 510 and 663.
51
Calculate the highest common factor of 13135 and 111.
37
Calculate the highest common divisor of 918 and 34.
34
What is the greatest common divisor of 11050 and 102?
34
What is the highest common factor of 46 and 437?
23
What is the highest common divisor of 413 and 118?
59
Calculate the greatest common factor of 10 and 18.
2
What is the greatest common factor of 658 and 14?
14
What is the highest common divisor of 170 and 51?
17
What is the highest common divisor of 5845 and 35?
35
What is the greatest common factor of 508 and 6223?
127
What is the highest common factor of 120 and 570?
30
What is the highest common factor of 10184 and 247?
19
Calculate the highest common divisor of 6 and 1194.
6
Calculate the greatest common factor of 222 and 30.
6
What is the highest common factor of 27 and 135?
27
Calculate the greatest common divisor of 33 and 627.
33
What is the highest common factor of 105 and 2058?
21
What is the greatest common divisor of 325 and 871?
13
What is the highest common divisor of 26 and 533?
13
Calculate the highest common factor of 3531 and 33.
33
Calculate the greatest common factor of 6 and 1984.
2
Calculate the highest common factor of 16 and 6704.
16
Calculate the greatest common divisor of 1125 and 825.
75
Calculate the greatest common divisor of 54 and 10638.
54
Calculate the highest common divisor of 66 and 6108.
6
Calculate the greatest common factor of 130 and 130.
130
What is the greatest common factor of 5670 and 252?
126
What is the greatest common divisor of 2230 and 80?
10
Calculate the highest common divisor of 55 and 506.
11
Calculate the highest common divisor of 81 and 117.
9
Calculate the greatest common divisor of 234 and 5512.
26
Calculate the greatest common divisor of 126 and 14.
14
Calculate the greatest common divisor of 90 and 11925.
45
Calculate the highest common divisor of 960 and 60.
60
Calculate the highest common factor of 1165 and 1.
1
Calculate the highest common factor of 304 and 5016.
152
What is the greatest common divisor of 23 and 1?
1
Calculate the highest common divisor of 1400 and 6100.
100
Calculate the highest common factor of 31 and 12152.
31
What is the greatest common factor of 26 and 2106?
26
What is the highest common divisor of 50 and 30?
10
Calculate the highest common divisor of 104 and 91.
13
What is the highest common factor of 4116 and 24?
12
Calculate the greatest common factor of 1722 and 434.
14
Calculate the greatest common factor of 112 and 80.
16
Calculate the highest common factor of 52 and 52.
52
Calculate the highest common factor of 89 and 15397.
89
What is the greatest common divisor of 31 and 15469?
31
Calculate the highest common divisor of 3610 and 40.
10
Calculate the highest common factor of 6790 and 140.
70
Calculate the highest common divisor of 217 and 124.
31
What is the greatest common factor of 903 and 7525?
301
What is the greatest common factor of 408 and 51?
51
What is the highest common divisor of 55 and 2794?
11
Calculate the highest common divisor of 109 and 13952.
109
Calculate the greatest common factor of 119 and 27013.
119
What is the greatest common factor of 35 and 20?
5
Calculate the greatest common factor of 42 and 4137.
21
Calculate the greatest common factor of 23 and 368.
23
Calculate the greatest common divisor of 1220 and 10.
10
What is the highest common factor of 72 and 64?
8
Calculate the greatest common divisor of 528 and 198.
66
What is the greatest common divisor of 88 and 1096?
8
Calculate the greatest common divisor of 155 and 16585.
155
Calculate the greatest common divisor of 60 and 2700.
60
What is the greatest common factor of 355 and 1349?
71
What is the greatest common factor of 592 and 16?
16
What is the greatest common divisor of 3216 and 48?
48
Calculate the greatest common factor of 117 and 104.
13
Calculate the greatest common factor of 1740 and 12.
12
Calculate the highest common factor of 267 and 712.
89
Calculate the greatest common factor of 72 and 108.
36
Calculate the greatest common factor of 135 and 15465.
15
Calculate the greatest common factor of 21 and 31269.
21
Calculate the highest common divisor of 34 and 289.
17
Calculate the greatest common factor of 32 and 8776.
8
What is the highest common factor of 3614 and 26?
26
Calculate the highest common divisor of 35 and 28.
7
What is the greatest common factor of 132 and 216?
12
What is the greatest common factor of 14300 and 13?
13
What is the highest common factor of 485 and 20?
5
What is the highest common factor of 374 and 396?
22
Calculate the highest common factor of 219 and 1168.
73
What is the greatest common divisor of 60 and 810?
30
Calculate the highest common divisor of 376 and 440.
8
What is the highest common factor of 1656 and 24?
24
Calculate the highest common divisor of 168 and 189.
21
Calculate the highest common divisor of 3140 and 50.
10
Calculate the greatest common factor of 5 and 385.
5
What is the highest common factor of 175 and 3500?
175
What is the highest common divisor of 84 and 378?
42
Calculate the highest common factor of 57 and 54777.
57
What is the highest common factor of 855 and 18?
9
What is the highest common divisor of 230 and 15?
5
Calculate the highest common factor of 290 and 3610.
10
What is the greatest common divisor of 378 and 648?
54
Calculate the highest common factor of 24 and 696.
24
What is the greatest common factor of 135 and 18?
9
What is the greatest common factor of 52254 and 18?
18
Calculate the greatest common divisor of 70 and 28.
14
Calculate the highest common divisor of 154 and 56.
14
